86*m + 773090. Give f(-53).
32
Let f(x) = -x**3 + 72*x**2 + 126*x + 1305. Give f(74).
-323
Let o(a) = -a**3 + 116*a**2 + 619*a - 58513. Give o(117).
221
Let p(y) = -236*y + 40932. Determine p(174).
-132
Let q(f) = -4*f**2 - 8645*f + 139368. Calculate q(16).
24
Let v(m) = -m**2 + 208*m + 6045. Determine v(-26).
-39
Let i(d) = 2425*d + 2364. Determine i(-1).
-61
Let g(t) = 16*t**2 - 908*t + 2583. Determine g(3).
3
Let j(s) = -s**3 - 7*s**2 - 40*s - 115. What is j(-7)?
165
Let z(n) = 3*n**3 + 15*n**2 - 135*n - 139. Determine z(-1).
8
Let n(s) = -s**2 - 99297*s + 893757. What is n(9)?
3
Let n(y) = 1316*y - 9218. What is n(7)?
-6
Let x(b) = 2885*b - 72139. Determine x(25).
-14
Let p(z) = 6356*z + 1633490. Determine p(-257).
-2
Let k(o) = 13724*o - 41169. Give k(3).
3
Let q(k) = 11931*k + 620341. Give q(-52).
-71
Let f(o) = -22*o**2 - 405*o - 530. Give f(-17).
-3
Let x(i) = -6970*i - 59928. Calculate x(-9).
2802
Let a(t) = 8*t**2 + 114*t - 343. Determine a(3).
71
Let x(l) = -l**3 + 63*l**2 - 4513*l + 267918. Give x(61).
67
Let p(l) = -l**3 + 8*l**2 - 4114*l + 72528. Determine p(17).
-11
Let u(s) = -s**2 + 7162*s + 822236. Determine u(-113).
161
Let j(y) = -y**2 - 702*y - 86707. Determine j(-160).
13
Let w(k) = 25*k**2 - 83*k - 11. Determine w(-5).
1029
Let s(w) = -1635*w + 9554. Give s(6).
-256
Let w(i) = 2223*i - 611338. What is w(275)?
-13
Let n(s) = -60533*s - 121075. Calculate n(-2).
-9
Let g(w) = 1165*w - 97009. Give g(84).
851
Let q(m) = -m**3 + 23*m**2 - 52*m + 74. What is q(19)?
530
Let x(p) = p**3 - 142*p**2 + 2119*p + 721. Calculate x(125).
-29
Let z(k) = -84*k - 675. What is z(-19)?
921
Let t(w) = 208*w + 50558. Calculate t(-243).
14
Let n(d) = d**2 - 415*d - 2068. Calculate n(-5).
32
Let p(g) = -g**2 - 1313*g - 37257. Give p(-29).
-21
Let w(d) = -2881*d - 5077. Determine w(-2).
685
Let j(i) = -i**2 + 78*i + 77. Determine j(-20).
-1883
Let b(t) = -31414*t - 125499. Determine b(-4).
157
Let g(d) = 4*d**2 - 95*d - 5556. Calculate g(-26).
-382
Let d(s) = s**2 + 7725*s + 626726. Give d(-82).
0
Let t(o) = o**3 - 154*o**2 - 72*o + 10953. Give t(154).
-135
Let t(k) = -k**3 - 77*k**2 + 425*k + 1162. Give t(-82).
-68
Let y(b) = -66299*b + 398177. What is y(6)?
383
Let z(o) = -5*o - 233. Calculate z(87).
-668
Let d(z) = -z**2 + 29*z - 79. Calculate d(11).
119
Let l(b) = 57*b**2 + 5081*b + 743. Give l(-89).
31
Let w(x) = -22*x**2 + 183*x - 3. Give w(9).
-138
Let v(q) = -14*q**2 - 431*q - 1641. Give v(-25).
384
Let k(o) = 40*o**2 - 222*o + 225. Calculate k(4).
-23
Let n(v) = -13*v**2 - 106*v - 831. Determine n(-10).
-1071
Let v(q) = 4838962*q + 29033773. What is v(-6)?
1
Let o(h) = 40*h**3 + 285*h**2 + 69*h + 563. Calculate o(-7).
325
Let n(b) = 202579*b + 405164. What is n(-2)?
6
Let m(v) = 31823*v + 6746470. What is m(-212)?
-6
Let w(t) = -11*t**2 + 11556*t - 237825. What is w(21)?
0
Let u(i) = -4*i**3 - 180*i**2 + 186*i + 259. Calculate u(-46).
167
Let f(a) = -14*a**2 - 7434*a + 24. Calculate f(-531).
24
Let z(w) = 5220*w + 960488. Give z(-184).
8
Let q(j) = -20*j**2 + 1286*j + 25664. Calculate q(-16).
-32
Let o(h) = -32*h**3 - 481*h**2 - 3*h + 168. What is o(-15)?
-12
Let i(y) = 2*y**2 - 3893*y - 110544. Calculate i(-28).
28
Let b(t) = t**2 + 12313*t - 395101. Calculate b(32).
-61
Let s(h) = -h**3 - 140*h**2 - 3391*h - 990. What is s(-109)?
318
Let r(c) = -c**2 + 32840*c - 328305. Determine r(10).
-5
Let l(m) = -m**2 + 2*m + 4213. Determine l(66).
-11
Let u(w) = w**3 - 31*w**2 + 231*w - 409. Calculate u(13).
-448
Let h(f) = 168*f**2 - 5037*f - 5227. Give h(31).
74
Let i(w) = 6*w**2 + 151*w - 4360. Calculate i(14).
-1070
Let c(m) = m**2 + 12945*m + 51771. Give c(-4).
7
Let a(f) = 111*f**2 - 300*f - 561. Calculate a(4).
15
Let b(w) = -88*w**2 - 860*w + 1715. Calculate b(2).
-357
Let q(r) = r**3 - 356*r**2 + 14521*r + 75. What is q(47)?
-19
Let z(a) = -138*a**3 + 6*a**2 - 904*a + 899. Calculate z(1).
-137
Let a(o) = -13*o**3 - 34*o**2 + 188*o - 19. What is a(5)?
-1554
Let z(q) = -8926*q - 312410. What is z(-35)?
0
Let d(f) = 12692*f - 10445505. Give d(823).
11
Let f(u) = -34*u + 749. Determine f(41).
-645
Let z(q) = -13*q**3 + 26*q**2 - 290*q + 585. Determine z(2).
5
Let d(w) = 2909*w - 320001. Give d(110).
-11
Let w(t) = 11869*t + 166148. Calculate w(-14).
-18
Let s(b) = 87*b**2 + 787*b - 868. Calculate s(-10).
-38
Let t(n) = -2*n**3 + 167*n**2 + 27*n + 2526. Determine t(84).
-2262
Let t(z) = -85328*z + 85350. What is t(1)?
22
Let x(z) = -z**3 + 7*z**2 + 258*z + 271. What is x(-12)?
-89
Let l(h) = 40387*h + 201046. Give l(-5).
-889
Let g(x) = -6*x**3 + 39*x**2 + 135*x + 10. Determine g(9).
10
Let t(d) = 5670*d - 73704. What is t(13)?
6
Let w(c) = -276*c**2 - 1674*c - 79. Give w(-6).
29
Let b(f) = f**2 + 118*f - 3104. Calculate b(21).
-185
Let c(h) = 2*h**2 + 172*h + 3732. What is c(-54)?
276
Let a(q) = q**2 - 33054*q - 198357. What is a(-6)?
3
Let d(k) = 15461*k + 494751. Give d(-32).
-1
Let j(y) = -1471*y**2 - 9213*y - 2320. Calculate j(-6).
2
Let z(p) = 3*p**3 - 57*p**2 + 179*p - 1015. Calculate z(14).
-1449
Let a(w) = -74*w - 1831. What is a(-44)?
1425
Let s(x) = 15*x**2 + 910*x + 12402. What is s(-40)?
2
Let b(x) = -6*x**2 - 22926*x - 45851. Calculate b(-2).
-23
Let n(a) = 4*a**3 + 222*a**2 - 96*a + 685. Give n(-56).
-211
Let f(x) = -3546*x + 205646. Determine f(58).
-22
Let l(p) = 14799*p - 74001. Calculate l(5).
-6
Let i(j) = 100*j**2 + 19393*j - 1385. Give i(-194).
-27
Let q(l) = 9*l**3 + 2937*l**2 + 988*l + 1920. Calculate q(-326).
-1340
Let t(h) = 3143*h + 1631189. Give t(-519).
-28
Let m(h) = 12799*h + 934313. What is m(-73)?
-14
Let l(x) = 4763*x + 476050. Determine l(-100).
-250
Let h(g) = 18935*g + 56267. Calculate h(-3).
-538
Let q(g) = -g**3 + 14*g**2 + 7888*g - 110442. Give q(14).
-10
Let u(r) = 5*r**2 - 981*r + 15233. Determine u(17).
1
Let p(a) = -2*a**2 - 1552*a - 19981. What is p(-13)?
-143
Let q(d) = -d**2 - 265*d - 1566. What is q(-6)?
-12
Let x(w) = 22*w - 305. Calculate x(1).
-283
Let w(d) = 61*d**2 - 25942*d + 7208. What is w(425)?
-17
Let o(m) = 7*m**2 - 687*m + 14097. Determine o(69).
21
Let g(t) = -922*t + 52677. Give g(57).
123
Let s(p) = 3*p**3 + 353*p**2 - 1065*p - 2. Calculate s(3).
61
Let w(f) = -f**3 + 93*f**2 + 194*f - 486. Give w(95).
-106
Let k(r) = -88*r**2 - 19804*r - 805. Determine k(-225).
95
Let a(x) = -12*x**2 - 6073*x + 42587. What is a(-513)?
8
Let u(k) = 3*k**3 - 654*k**2 - 3351*k + 1293. What is u(223)?
-45
Let y(s) = -3*s**3 - 2*s**2 + 25*s + 77. Determine y(-5).
277
Let c(o) = -o**2 - 5736*o - 34370. Give c(-6).
10
Let a(s) = -s**3 + 55*s**2 - 95*s - 13236. Give a(47).
-29
Let v(g) = -5*g**3 - 23*g**2 - 17*g - 29. Give v(-4).
-9
Let u(d) = -4*d**3 - 3*d**2 - 28*d - 111. Calculate u(-6).
813
Let u(n) = 3730*n + 18689. Determine u(-5).
39
Let r(p) = p**2 - 939*p - 180560. What is r(-164)?
332
Let v(g) = -120*g**2 - 2556*g - 752. Give v(-21).
4
Let j(m) = m**3 - 17*m**2 - 191*m + 513. What is j(24)?
-39
Let h(k) = 16*k**2 - 202*k + 124. What is h(13)?
202
Let b(t) = -t**3 - 140*t**2 - 1544*t - 16. Give b(-12).
80
Let s(w) = -30*w**2 + 4425*w - 15119. Give s(144).
1
Let t(b) = 5*b**3 - 24*b**2 - 92*b + 273. Calculate t(7).
168
Let o(s) = -31497*s + 566958. Determine o(18).
12
Let l(k) = 135*k**2 - 5558*k + 966. What is l(41)?
23
Let n(f) = f**2 + 340*f - 3526. What is n(10)?
-26
Let z(x) = 17*x**2 - 479*x + 547. Calculate z(27).
7
Let t(m) = 64*m**3 - 286*m**2 + 16*m + 3. Determine t(3).
-795
Let v(s) = -93*s**3 + 4*s**2 - 9*s + 2. What is v(1)?
-96
Let p(o) = 14*o**2 - 10073*o + 10062. What is p(1)?
3
Let s(k) = -k**2 + 29538*k - 118122. Determine s(4).
14
Let t(i) = 51255*i + 102504. Determine t(-2).
-6
Let h(j) = 66*j**2 + 1723*j - 5161. What is h(3)?
602
Let n(p) = 54994*p + 7974144. Calculate n(-145).
14
Let b(j) = 911*j + 57805. What is b(-56)?
6789
Let m(v) = 5554*v + 47769. Calculate m(-8).
3337
Let f(w) = 20*w**3 - 6819*w**2 - 374*w + 11266. Determine f(341).
13
Let b(o) = -193*o**2 - 2874*o - 2279. Calculate b(-14).
129
Let l(i) = -59700*i**2 + 179099*i. What is l(3)?
-3
Let n(t) = 22690*t + 137090. Determine n(-6).
950
Let f(g) = -17547*g + 368500. Calculate f(21).
13
Let l(q) = 268*q + 11610. Calculate l(-43).
86
Let b(l) = -l**3 - 170*l**2 - 3346*l + 5155. Give b(-147).
10
Let v(q) = -2